y + d. List the prime factors of a.
7
Let y be 3840*(20/5 - 24/9). Suppose -190*k - y = -194*k. List the prime factors of k.
2, 5
Let w = 22 - 15. Let y = w - -35. List the prime factors of 468/y + (-1)/7.
11
Let p(x) = -15*x**3 + x. Let y be p(-1). Let k(c) = 23*c - 20. Let l be k(y). Let o = -174 + l. What are the prime factors of o?
2
Suppose -4*l = -5*d - 27866, -23*l = -14*l - 5*d - 62736. What are the prime factors of l?
2, 11, 317
Let y be ((-5360)/(9 + -1))/(-1). Let j = y - -553. List the prime factors of j.
1223
Let o = 122 + 104. Let h = 358 - o. What are the prime factors of h?
2, 3, 11
Let r(v) = v**2 - v**3 + 0*v**3 - 5 + 25*v - 23*v. Let g be r(2). Let z(b) = -2*b**3 + 2*b**2 + 10*b + 7. List the prime factors of z(g).
257
Let k(d) = d**3 - 16*d**2 - 103*d - 150. What are the prime factors of k(30)?
2, 3, 5, 13
Suppose 0*m = -4*m + 5*m. Suppose m = -3*g + 1780 - 655. List the prime factors of g.
3, 5
Let x(l) = -286*l + 4205. What are the prime factors of x(0)?
5, 29
Let v be -542*(5 - (-24)/(-6)). Let k = 996 + v. What are the prime factors of k?
2, 227
Let u = -36 - -67. Suppose -153 + 177 = 6*b. Suppose 3*f - 2*f + b*w = u, f - 52 = 3*w. List the prime factors of f.
43
Suppose -4*k - 403*c = -398*c - 132445, k - 33085 = -5*c. What are the prime factors of k?
2, 3, 5, 23
Let u be 2/(((-78)/9)/(-13)). Suppose -2*g + h = -758, 5*g + u*h - 1895 = -2*h. What are the prime factors of g?
379
Suppose 71*g - 148143 = -2*j + 74*g, g + 9 = 0. List the prime factors of j.
2, 3, 12343
List the prime factors of (1/3)/(13446111/1344609 + -10).
7, 3049
Let b be -1*2 - (-8 - 281). Let g = 506 - b. List the prime factors of g.
3, 73
What are the prime factors of 3355 + (-18)/((-66)/11)?
2, 23, 73
Let a be 9/((-10)/((-1520)/(-12))). Let d = a - -211. What are the prime factors of d?
97
Let o(t) = 2938*t - 1092. What are the prime factors of o(4)?
2, 5, 13, 41
Suppose -107596 = -700*y + 663*y. What are the prime factors of y?
2, 727
Let g = 10364 + 4490. Suppose 46*k - 32*k - g = 0. List the prime factors of k.
1061
Let x(y) = y**3 + 13*y**2 - 17*y - 7. Let u be x(-14). Let g be 6/((-30)/u) + 3. What are the prime factors of (-1656)/(-30) - g/(-20)?
5, 11
Let d(h) = 3*h - 7. Suppose -f + 18 = f. Suppose f + 23 = 4*u. List the prime factors of d(u).
17
Let l(b) = -b**3 - 12*b**2 - 9*b + 17. Let i be l(-11). What are the prime factors of (4/i)/(3 + 10148/(-3380))?
2, 13
Let s be (-520)/6*(15 - 18). Suppose 15*c - s = 10*c. What are the prime factors of c - (-4 + 4 + -4)?
2, 7
Let d = -321 - -537. Suppose -4*o - d = 56. Let z = o + 98. What are the prime factors of z?
2, 3, 5
Let s(p) = 45*p**2 + 90*p - 702. What are the prime factors of s(-21)?
3, 71
Let f(w) = -3*w - 19. Let p be f(-8). Let u(z) = z**3 - 4*z**2 - 4*z + 3. Let c be u(p). Suppose 15*r = c*r + 147. What are the prime factors of r?
3, 7
Let x = 37 + -37. Suppose 4*l - 2064 + 720 = x. List the prime factors of l.
2, 3, 7
Suppose 52 + 78 = 13*a. Let c be 4306/a - (-72)/180. Suppose 897 + c = 16*d. What are the prime factors of d?
83
Suppose -16 = -6*q + 38. Let h(b) be the third derivative of b**5/60 + b**4/3 - 13*b**3/6 + b**2. List the prime factors of h(q).
2, 5, 7
Suppose -3*z - 3 = u, -30*u - 2*z + 37 = -25*u. Suppose 2826 = -0*a + u*a. List the prime factors of a.
2, 157
Let i(f) = 1645*f**2 + 31*f - 164. List the prime factors of i(6).
2, 19, 1559
Let d be 33/99 - (-2)/3*3010. Suppose 4*c - 1217 = d. What are the prime factors of c?
2, 13, 31
Suppose 264*s = 263*s + 15173. List the prime factors of s.
15173
Suppose 5*o + 11016 - 72433 = -7*w, -17546 = -2*w - o. List the prime factors of w.
7, 179
Suppose 328 = 5*d + 3*d. Suppose 0 = d*g - 38*g - 951. List the prime factors of g.
317
Suppose -428*g = -426*g + 6, -36481 = -2*b - 3*g. List the prime factors of b.
5, 41, 89
Let i(h) be the first derivative of 5*h**2 + 152*h + 196. List the prime factors of i(17).
2, 7, 23
Let v = 5 - -2961. What are the prime factors of v?
2, 1483
Suppose -26733 = -360*c + 357*c. List the prime factors of c.
7, 19, 67
Let w(s) = 285*s**2 + 16*s - 127. What are the prime factors of w(-10)?
89, 317
Let j(v) = -v**3 + 12*v**2 + 14*v - 10. Suppose 6 = 5*k - 59. Let t be j(k). Suppose -t*g - 2*f + 6*f = -291, 180 = 2*g + 2*f. What are the prime factors of g?
3, 31
Suppose 44*f - 186069 = 48055. What are the prime factors of f?
17, 313
Let k(x) = 40*x + 380. Let o be k(-9). Suppose 22*s + 4*a - 1624 = o*s, 2*s - 1648 = 4*a. List the prime factors of s.
2, 409
Let z be 5/1 + 32/(-2). What are the prime factors of 2 - (6 - 3) - 407/z?
2, 3
Let f be (-6828)/(-27) - (-6)/54. Suppose 4*a + 2*l = 379 + f, 3*a - 474 = 3*l. List the prime factors of a.
2, 79
Suppose -2*u - 26 = -22. What are the prime factors of 41670/36 - (-5)/u?
3, 5, 7, 11
Let z(k) be the first derivative of -k**4/4 + 3*k**3 - 13*k**2/2 - 3*k + 19. Let u be z(7). List the prime factors of u/26 - (-534)/78.
7
Suppose 2*v + 5*h - 97414 = 0, 97398 = -77*v + 79*v + 3*h. List the prime factors of v.
3, 16229
Let z = 439 + -426. Let x(u) = 3*u**2 + 18*u - 50. List the prime factors of x(z).
691
Suppose 82943 = 49*n + 26201. What are the prime factors of n?
2, 3, 193
Suppose 4*x = 0, 0*a - a = -3*x + 5. Let n(o) = -107*o - 106. List the prime factors of n(a).
3, 11, 13
Suppose -3*i + 1 = -6*n + 5*n, -5*n + 5*i + 25 = 0. What are the prime factors of 54/72 - (-6554)/n?
2, 5, 41
Let j(o) = -2*o + 15. Let c be j(6). Suppose -6*z = -c*z - 66. List the prime factors of z/(-33) + 182/3.
2, 3, 5
What are the prime factors of 5987124/(-2145)*(-20)/3?
2, 1163
Let y(a) = 10*a + 54. Let k be y(-5). Suppose q = 3*i - 1368, 2*q - k*q + 2269 = 5*i. List the prime factors of i.
5, 7, 13
What are the prime factors of (14 - (38 - 76808))*(1 - 2/4)?
2, 4799
Suppose 81993 = 3*n - 3*w, 5*n = 2*w - w + 136651. List the prime factors of n.
2, 3, 5, 911
Let l(d) be the second derivative of 20*d**3/3 - 25*d**2 + 25*d. List the prime factors of l(4).
2, 5, 11
Let y be -3*(8/3)/1. Let v be 2/4*(-464)/y. Let t = v + 2. What are the prime factors of t?
31
Let p = 3003 + -1457. Suppose 2*v - 2*o = p, 5*v + o = -4*o + 3905. What are the prime factors of v?
3, 7, 37
Suppose 0 = 5*t + 39 - 14. Let q(n) = 26*n**2 - 4*n - 59. List the prime factors of q(t).
13, 47
List the prime factors of 3 + (3 - 1) - (-17720 + 11 + 20).
2, 3, 983
Let p be (-1160)/(-25) + (-6)/(-10). Suppose -2*b = t - 13 - p, -t + 4*b + 42 = 0. Suppose 0 = 3*z + 3*w - t, 5*z + 5*w - 2*w = 94. List the prime factors of z.
2, 5
Let n = -100 - -122. Let f(g) = n + 25 - 52 + 7*g**2 - 5*g + g**3. What are the prime factors of f(-6)?
61
Suppose -3*m = -2*s - 0*m, 4*s - 2*m = 0. Suppose 0*f - 3*f + 3*x - 15 = s, 2*f + 22 = -x. Let w = f + 16. What are the prime factors of w?
7
Suppose -4*v + 11 = c - 3*v, -32 = -2*c - 4*v. Let u be c/(-10) - (-36)/10. What are the prime factors of 150*u/2*(-18)/(-27)?
2, 3, 5
What are the prime factors of (20366/3)/(11517/(-297) - -39)?
3, 17, 599
Let m(b) = -2*b**3 - 2*b**2 - 113*b - 58. What are the prime factors of m(-16)?
2, 5, 23, 41
Let k = 283 - -425. Suppose 4*c = -2*y - 2*y + k, 0 = 4*y - 5*c - 708. Suppose 4*b + x = y, 37 = -3*b - 4*x + 173. List the prime factors of b.
2, 11
Let b(f) = 2*f**2 + 17*f - 116. What are the prime factors of b(-60)?
2, 379
Let k = -58638 + 142543. List the prime factors of k.
5, 97, 173
Let x(o) = 14*o**2 - 63*o - 943. List the prime factors of x(-22).
7219
Let r(x) = x + 48. Let t be r(19). Suppose -y + t = -67. List the prime factors of y.
2, 67
Suppose 2*y + 2*c - 24088 = 0, -5*y + y + 48148 = -3*c. Suppose 15*s - s - y = 0. What are the prime factors of s?
2, 5, 43
Let z(k) = k**3 + 15*k**2 + 22*k - 17. Let u be 1*(-1)/(-2)*(-68 - -2). Let h = u - -20. List the prime factors of z(h).
5, 7
Let a(y) = -2*y**2 - 21*y + 4. Let q be a(-10). Let v = q - 30. What are the prime factors of (-38 - (v/6 - -3))*-3?
5, 23
Suppose -4*k + 16210 = a, 6*k - 5*k - 12*a = 4028. What are the prime factors of k?
2, 1013
Let y be (4 - -5 - 4)*(1 + 0). Suppose y*q + j = 862, -q + 5*j + 170 = 6*j. What are the prime factors of q?
173
Suppose b - 161 = 5*r, r + 2*b + 22 + 19 = 0. Let g = -29 - r. Suppose g*k = -4*l + 268, 1 + 3 = -2*l. What are the prime factors of